alculate the greatest common divisor of d and j.
13
Suppose -3*m - 30 = -m. Suppose -5*j + 8 = -5*d + 3, -3*d + j + 5 = 0. Let i be 262/10 + d/m. Calculate the highest common factor of i and 13.
13
Let u(o) be the first derivative of o**4/4 - 8*o**3/3 + 9*o**2/2 - 2. Let k be u(7). Let d = -10 - -31. Calculate the highest common factor of k and d.
7
Let k be (2 + -3)/((-3)/153). Let u(j) = 17*j**3 + j**2 - 1. Let q be u(1). Calculate the greatest common divisor of k and q.
17
Suppose -3*n - 15 = 0, 0 = 2*o + 5*n - 4*n + 3. Calculate the greatest common factor of o and 3.
1
Suppose 0 = -5*g, i - g + 6*g = 2. Suppose 0 = i*c - 68 - 4. Let v = c - 16. Calculate the highest common divisor of v and 30.
10
Let h(m) = m - 1. Let u be h(4). Suppose -2*n + 151 = u*w, 152 = 3*w - 0*w + n. Calculate the highest common factor of 17 and w.
17
Let m(k) = -3*k - 30. Let t be m(-14). Calculate the greatest common factor of 12 and t.
12
Let t(r) = -r**2 - 6*r + 4. Let f(m) = -m**3 - 7*m**2 - 6. Let y be f(-7). Let u be t(y). What is the highest common factor of 36 and u?
4
Suppose 5*s - 14 - 61 = 0. Suppose 3*r - 24 - s = 0. Let h be r*1 - 4/(-4). What is the highest common divisor of 7 and h?
7
Let b = -13 + 15. Suppose -2*i = a - 23, b*i - i - 25 = -a. Calculate the highest common divisor of a and 189.
27
Let p = 3 + -3. Let q be 39 - (1 - p)/(-1). Suppose -l + 52 = 2*u - 6*l, 2*l = -2*u + 24. What is the highest common divisor of u and q?
8
Let i = 83 + 60. Suppose l = -k - 4*l - 2, 4*k + l - 49 = 0. Calculate the greatest common factor of i and k.
13
Let d be -64 - (-4)/16*-4. Let l = 109 + d. Calculate the greatest common divisor of l and 11.
11
Let f be 140 + -5 + (-1)/(-1). Suppose b = -3*b + f. Suppose -n + 79 = -3*d, -231 = -5*n - 5*d + 204. What is the highest common factor of b and n?
17
Let h be 7 + 2*(-3)/6. Let z be 38/3 + 6/(-9). Suppose -g = -0*c + 2*c - z, 0 = -5*g. Calculate the highest common divisor of c and h.
6
Suppose 4*i = -q + 3, 5*q + 6 = 2*i - 1. Let b(n) = -n**3 + 8*n**2 + 22*n - 12. Let u be b(10). Calculate the greatest common factor of u and i.
1
Let g(w) = -w**2 - 10*w. Let q = -5 - -8. Suppose -6*f + 2*x - 50 = -f, 0 = q*f - 4*x + 44. Let y be g(f). Calculate the highest common divisor of 8 and y.
8
Let c = -12 + 18. Let w(b) = b + 4. Let i(l) = 3*l + 9. Let m(x) = -4*i(x) + 10*w(x). Let j be m(-4). Calculate the greatest common factor of c and j.
6
Let f be (21/15 - -2) + 4/(-10). What is the highest common divisor of f and 3?
3
Let r = 6 + -2. Suppose 13 = 2*l - 3*j, -r*j - 5 - 15 = -4*l. Suppose 3*s - 48 = 3*u, -s + 46 = l*s - 4*u. What is the greatest common factor of s and 6?
6
Suppose 0 = w - 0*w + 4. Let j = w - -7. What is the highest common divisor of 30 and j?
3
Suppose -3*s + 326 = -s + 2*c, -484 = -3*s + 2*c. Calculate the greatest common factor of 18 and s.
18
Suppose 28 = -0*i + 2*i. Suppose 4*z + 5*t - 140 = 0, 3*z - 2*t = -7*t + 105. What is the greatest common divisor of z and i?
7
Let b(s) = -3*s + 2. Let x be b(-2). Suppose 2*c + 0*t = -3*t + 100, 4*c + t = 220. Calculate the highest common factor of c and x.
8
Let v be 106/8 + 2/(-8). Suppose -2*n + 0*n - 4*q = 0, -5*q - 1 = 3*n. Let p be (2/4)/(n/(-52)). Calculate the greatest common factor of v and p.
13
Let y(f) = 79*f**3 - f**2 + 4*f - 2. Let i be y(1). What is the greatest common divisor of i and 20?
20
Suppose -3*f = -7*f + 160. Let j = -34 - -54. What is the highest common divisor of f and j?
20
Let n(g) = g**2 + 3*g - 11. Let t be n(-6). What is the highest common divisor of t and 7?
7
Let h be (36/42)/((-2)/(-28)). Calculate the greatest common divisor of h and 54.
6
Suppose -a + 2 - 10 = -3*v, 4*a - v - 12 = 0. Suppose -j = 3*j + 5*w - 152, -5*j + 149 = -a*w. Calculate the greatest common factor of j and 11.
11
Suppose 0*g + 2*g = 3*v - 7, -5*v = -3*g - 12. What is the greatest common factor of 27 and v?
3
Let f be 5 + -8 - (-1 + -10). Calculate the greatest common divisor of 64 and f.
8
Suppose -3*j - 17 = 127. Let d be j/(-18) - (-1)/3. Suppose -d*h - 15 = -5*b, -2*h = 2*b - b - 16. Calculate the highest common factor of b and 42.
6
Suppose 2*x - 5 = -d - 2, d + 3*x = 3. Suppose 2*q + d*q = 3*u - 105, 4*u = q + 140. What is the highest common factor of 5 and u?
5
Let q(u) = -u**2 + 9*u + 7. Let n be q(9). Calculate the greatest common factor of 56 and n.
7
Let t(q) = q**3 + 10*q**2 + q - 1. Let v be t(-4). Calculate the highest common factor of 13 and v.
13
Let b be (-4)/((2/(-6))/(126/28)). Suppose -19 = -h + 17. What is the highest common factor of h and b?
18
Suppose -24 = -r + 16. Let x be (r/3)/(3/9). Suppose 4*m + m = -3*o, 4*o = -m + 17. Calculate the highest common divisor of o and x.
5
Let n(a) = 2*a**2 - 5*a - 14. Let g be n(6). Let r(x) = -8*x + 6. Let o be r(-8). Calculate the greatest common factor of g and o.
14
Let t be 8/10*110/4. What is the greatest common factor of 55 and t?
11
Let m(i) = i**2 + 14*i + 14. Let d be m(-13). Suppose 0 = -5*h - 18 + 53. Calculate the highest common divisor of h and d.
1
Suppose 3*s = 19 + 17. Let v = -272 + 404. Calculate the greatest common factor of v and s.
12
Let l = 494 - 254. Suppose -v + 28 = -2*z - 23, l = 5*v - 5*z. Calculate the greatest common divisor of v and 9.
9
Let d(o) = -2*o + 6. Let z be d(-5). Let h = 146 + -82. What is the highest common divisor of z and h?
16
Let d be 48/(-2 - (-6)/2). Let l(o) = -4*o - 2. Let b be l(-2). Suppose -18 - b = -3*z. What is the greatest common factor of z and d?
8
Let v(l) = -2 + 10*l**2 + 9*l**2 - 2*l + 7*l**2. Let s be v(2). What is the highest common divisor of 14 and s?
14
Let n(s) = -s**2 - 9*s + 12. Let q be n(-9). Suppose 2*k - 3*y = 4, 0 = -4*k + k + 3*y + q. Calculate the greatest common factor of 4 and k.
4
Suppose 0 = -4*c - 4*h + 6 + 10, c + 6 = -3*h. What is the highest common factor of 18 and c?
9
Let n = -18 + 33. Let a(o) = -74*o + 2. Let y be a(-2). What is the greatest common factor of y and n?
15
Let r = -1 + 3. Let u = 9 - 13. Let l be (-3)/(6/u) + 14. What is the greatest common factor of l and r?
2
Let y be 2 + 7 + (1 - 1). Let j be 34/3*y/3. Suppose j = 2*v - 5*p - 17, 2*p = -10. What is the highest common factor of 104 and v?
13
Suppose -2*n - 5 = 3*n. Let c be 90/(-1*(n - -2)). Let l = 180 + c. Calculate the highest common factor of 10 and l.
10
Suppose 5 = q + 4*q. Let i be 2/6 - (-182)/21. Let b = i + q. What is the greatest common divisor of b and 5?
5
Let k(t) = 7*t**2 - 1. Let z be k(-1). Suppose v - z = 1. Let u be (406/29)/((-4)/(-18)). Calculate the highest common factor of v and u.
7
Let j be 520/15 - (10/6 - 2). Calculate the greatest common divisor of j and 5.
5
Suppose 0*n - 4*n = 4*h - 24, -2*h - 4 = -2*n. Suppose 30 = -q + n*q. Calculate the greatest common factor of q and 10.
10
Let g(k) = 5*k - 21. Let v be g(10). Calculate the greatest common factor of v and 87.
29
Let u = 95 + -66. Calculate the greatest common divisor of 116 and u.
29
Let u(b) = -2*b + b + 1 - 2. Let q be u(3). Let w be (16/3)/(q/(-12)). What is the highest common factor of 40 and w?
8
Suppose -5*i = -i - 112. Let a = 562 - 310. Calculate the highest common divisor of a and i.
28
Suppose -3*l = -3*o - 4 - 5, 5*o + 5*l = 25. What is the highest common factor of o and 1?
1
Let j(p) = p**3 - 5*p**2 + p - 2. Let d be j(6). Calculate the highest common factor of 60 and d.
20
Let l(i) = -i**3 - 2*i**2 + 3*i + 3. Let v be l(-3). What is the greatest common factor of v and 33?
3
Suppose -n + 1371 = 4*l, 2358 = 5*l + 2*n + 648. Calculate the highest common factor of l and 43.
43
Suppose 6*s = s + 25. Suppose -23 = -s*t + 47. Suppose 4*z + 0*x + 3*x + 4 = 0, -4*x - 22 = -3*z. What is the greatest common factor of z and t?
2
Let y(j) = -j**3 + 8*j**2 + 2*j - 10. Let c be y(8). Let r(b) = -9*b + 1. Let g be r(c). Let f = -21 - g. Calculate the highest common divisor of 48 and f.
16
Let p = 7 + -1. Let r be (-9)/(-6) - ((-18)/4 + 3). What is the highest common divisor of r and p?
3
Let x(z) = -2*z + 16. Let h be x(0). What is the greatest common divisor of h and 4?
4
Let j = 3 - 3. Let r(q) = q**2 + q + 56. Let x be r(j). Suppose -5*h = a - 28, -a - a - h = -x. What is the greatest common divisor of 70 and a?
14
Let g(w) = -w**2 + 3*w + 2. Let z